2 + 2891*q - 36. Determine x(-49).
2365
Let q(l) = -l**3 - 128*l**2 - 3075*l - 95. Calculate q(-32).
1
Let y(a) = a**2 - 1575*a + 459759. What is y(387)?
3
Let q(n) = 144*n + 4891. Determine q(-32).
283
Let d(z) = -953*z - 948. What is d(-1)?
5
Let d(r) = 2*r**3 - 209*r**2 + 166*r - 7308. Calculate d(104).
-860
Let z(a) = 1767*a**2 - 5331*a - 25. Give z(3).
-115
Let v(x) = 4422*x + 52891. What is v(-12)?
-173
Let i(n) = 15386*n - 323267. Calculate i(21).
-161
Let w(v) = 2*v**3 + 835*v**2 + 5339*v - 1642. Give w(-411).
2
Let a(w) = 1004*w - 11074. Calculate a(11).
-30
Let n(l) = -36869*l - 1179798. Give n(-32).
10
Let k(x) = x**2 - 73*x - 582. Give k(78).
-192
Let c(n) = 8*n**2 - 526*n + 8983. Give c(16).
2615
Let y(d) = -153*d - 25665. Calculate y(-168).
39
Let o(m) = 7*m**3 + 3562*m**2 - 4094*m - 7156. Calculate o(-510).
-16
Let s(a) = -10226*a + 83143. Determine s(8).
1335
Let c(s) = -s**3 - 16*s**2 - 445*s - 1609. Determine c(-4).
-21
Let a(o) = 3372*o - 22519. Give a(7).
1085
Let k(z) = z**3 - 17*z**2 - 243*z + 1016. Give k(26).
782
Let w(y) = -602*y + 5540. Give w(13).
-2286
Let d(b) = 890*b - 62534. Determine d(71).
656
Let h(k) = -3*k**2 - 15*k + 1347. Determine h(-26).
-291
Let v(a) = -70*a - 11054. Determine v(-158).
6
Let p(o) = 141*o + 18115. Give p(-112).
2323
Let o(a) = -a**2 - 10151*a - 745706. Give o(-74).
-8
Let u(a) = -472*a**3 + 446040*a**2 + a - 955. Determine u(945).
-10
Let c(r) = 390*r + 18265. Calculate c(-47).
-65
Let x(a) = a**3 + 44*a**2 - 227*a - 1967. What is x(-48)?
-287
Let w(k) = -k**3 - 2*k**2 + 313*k - 1806. Give w(0).
-1806
Let a(j) = 3*j**3 - 193*j**2 - 12507*j + 13624. Determine a(104).
0
Let k(f) = f**3 + 390*f**2 + 2722*f + 294. What is k(-7)?
7
Let w(k) = -737393*k - 2949565. Give w(-4).
7
Let k(c) = -105*c**2 - 935*c + 96. Calculate k(-9).
6
Let w(x) = -115896*x - 115867. What is w(-1)?
29
Let f(y) = -42913*y + 1759557. Calculate f(41).
124
Let k(n) = 1684*n + 12505. Determine k(-7).
717
Let j(t) = 571889*t - 1715623. What is j(3)?
44
Let j(k) = -1580*k**2 - 15798*k + 12. Determine j(-10).
-8
Let i(c) = 98*c**3 + 83*c**2 + 135*c - 68. Determine i(-2).
-790
Let q(y) = -y**2 - 88*y + 491. Give q(-82).
983
Let u(v) = -v**3 + 335*v**2 - 344*v + 3276. Calculate u(334).
-64
Let m(i) = -3*i**3 - 11*i**2 + 253*i + 719. Determine m(-10).
89
Let z(x) = -14*x**3 - 321*x**2 + 27*x - 75. Determine z(-23).
-167
Let w(i) = 4898*i - 195915. Calculate w(40).
5
Let a(l) = 4*l**3 - 17*l**2 - 469*l + 2262. Determine a(5).
-8
Let t(m) = -105*m**2 + 1519*m - 5398. What is t(8)?
34
Let k(n) = -13856*n - 1219338. Determine k(-88).
-10
Let o(y) = y**3 + 203*y**2 - 1184*y - 8. Give o(6).
412
Let y(p) = -3*p**3 + 106*p**2 - 117*p + 168. Calculate y(34).
814
Let u(z) = 142*z**2 - 21198*z - 36832. Calculate u(151).
12
Let q(d) = -826*d**2 - 14028*d + 125. Determine q(-17).
-113
Let n(y) = 30*y**2 + 136*y - 117. Determine n(-5).
-47
Let b(h) = -22924*h + 481343. Determine b(21).
-61
Let c(g) = 2996*g - 38203. Determine c(12).
-2251
Let w(n) = -4*n**2 + 3091*n - 114439. What is w(39)?
26
Let c(x) = 2*x**3 - 255*x**2 - 180*x + 6661. Calculate c(128).
5
Let s(j) = j**3 - 130*j**2 - 418*j - 34649. Calculate s(135).
46
Let g(p) = -5*p**2 + 183*p - 31. What is g(-3)?
-625
Let s(v) = v**2 + 27139*v + 2757745. Calculate s(-102).
-29
Let c(r) = 130*r + 7610. What is c(-60)?
-190
Let y(t) = 9*t**2 + 216*t + 337. What is y(-12)?
-959
Let v(l) = -157654*l - 315286. Determine v(-2).
22
Let l(t) = 3*t**2 + 81*t - 53733. What is l(-148)?
-9
Let f(g) = -474*g + 204. Determine f(-1).
678
Let i(p) = 2*p**2 - 1263*p + 149920. Determine i(473).
-21
Let r(n) = 82*n + 4508. Give r(-70).
-1232
Let k(r) = -8*r**2 - 2557*r + 19154. Calculate k(-327).
-139
Let o(m) = -m**2 - 431*m - 39376. Determine o(-131).
-76
Let l(f) = 702*f - 1293. Determine l(1).
-591
Let w(n) = 3015*n**2 - 9037*n - 21. What is w(3)?
3
Let d(y) = -524*y + 188121. Determine d(359).
5
Let u(d) = 588*d + 8158. Calculate u(-14).
-74
Let i(h) = -454*h**2 - 8609*h + 325. Calculate i(-19).
2
Let a(n) = 15*n**2 + 10*n - 892. Give a(-8).
-12
Let f(c) = 183*c - 9084. Give f(52).
432
Let q(w) = -34273*w - 11824176. Determine q(-345).
9
Let c(w) = -3238*w - 1819763. Give c(-562).
-7
Let c(w) = 3*w**2 + 312*w + 7455. Determine c(-39).
-150
Let w(o) = o**3 - 37*o**2 - 1588*o - 10571. Calculate w(-9).
-5
Let o(w) = 2727*w + 545327. What is o(-200)?
-73
Let d(n) = -245*n**3 + 14449*n**2 + 361*n - 416. What is d(59)?
-3
Let u(h) = -10644*h - 64413. Calculate u(-6).
-549
Let j(x) = -x**3 + x**2 + 810*x + 2473. Calculate j(-3).
79
Let a(x) = -494*x - 14921. Calculate a(-29).
-595
Let d(i) = -i**3 + 29*i**2 + 447*i + 1259. What is d(-4)?
-1
Let h(p) = 11561*p + 982726. Give h(-85).
41
Let b(g) = -g**3 + 3*g**2 - 4*g - 190. What is b(6)?
-322
Let u(a) = -6*a**2 - 131*a + 4222. Calculate u(20).
-798
Let h(b) = b**2 - 5027*b - 856709. What is h(-165)?
-29
Let o(v) = 4023*v + 84492. Give o(-21).
9
Let c(f) = -1908*f - 69419. Determine c(-38).
3085
Let q(k) = 3*k**2 - 183*k - 6060. Determine q(-22).
-582
Let g(b) = 312*b + 12186. What is g(-38)?
330
Let c(g) = 1997*g - 4042. Determine c(2).
-48
Let t(k) = -6*k**2 - 1668*k + 26362. Give t(-293).
-8
Let g(i) = 2730*i**2 + 16204*i - 5. Determine g(-6).
1051
Let q(r) = -1104*r - 35246. Give q(-32).
82
Let a(h) = 163*h**2 + 1680*h + 1915. Calculate a(-9).
-2
Let z(q) = -30802*q + 18881632. Determine z(613).
6
Let j(l) = -1841*l - 102310. Calculate j(-58).
4468
Let w(m) = -2875*m + 83420. Give w(29).
45
Let j(c) = -109531*c - 985789. What is j(-9)?
-10
Let u(v) = v**3 - 508*v**2 - 898*v - 324485. What is u(511)?
0
Let p(d) = 249*d + 2219. Determine p(-10).
-271
Let d(q) = 1827*q**2 + 3719*q + 118. Determine d(-2).
-12
Let b(t) = 57*t**2 + 7643*t + 801. Give b(-134).
131
Let s(p) = -16*p**2 + 2692*p + 2055. Calculate s(169).
27
Let w(y) = -84*y**3 - 918*y**2 + 229*y + 1798. Calculate w(-11).
5
Let g(s) = s**2 - 43*s - 938. Determine g(-16).
6
Let n(y) = 5*y**2 + 1603*y + 22924. Calculate n(-15).
4
Let f(z) = -z**3 - 875*z**2 + 31846*z + 140. What is f(35)?
0
Let c(h) = 115*h + 2197. Give c(-26).
-793
Let b(o) = -11496*o - 45982. Determine b(-4).
2
Let x(a) = 712*a + 20832. What is x(-31)?
-1240
Let h(g) = -32460*g - 194760. What is h(-6)?
0
Let p(h) = 3660*h - 618600. Calculate p(169).
-60
Let n(o) = 37*o**2 + 118*o - 9. Give n(-5).
326
Let m(b) = 4881*b + 19586. Give m(-4).
62
Let s(q) = 139*q - 3073. Give s(27).
680
Let j(a) = 47417*a - 5784872. Calculate j(122).
2
Let i(c) = -7*c**2 + 4588*c - 31728. Give i(7).
45
Let r(b) = b**3 - 29*b**2 - 257*b + 7456. Calculate r(29).
3
Let q(v) = v**2 + 276*v + 13585. Give q(-214).
317
Let q(k) = 5111*k + 20111. Determine q(-4).
-333
Let a(s) = -4*s**2 - 129*s - 690. What is a(-9)?
147
Let o(d) = -2*d**3 + 33*d**2 - 51*d - 130. Determine o(12).
554
Let p(z) = 103219*z + 7947858. Give p(-77).
-5
Let v(u) = 2*u**3 + 3*u**2 + 351*u - 2161. What is v(6)?
485
Let t(r) = -1782*r + 97836. What is t(55)?
-174
Let r(a) = 24096*a + 2771069. Calculate r(-115).
29
Let t(j) = 59739*j - 20490486. Calculate t(343).
-9
Let l(f) = -9388*f - 178355. Determine l(-19).
17
Let l(w) = -14*w**3 - 25*w**2 + 370*w + 746. Determine l(-2).
18
Let p(c) = -7*c**3 - 21*c**2 + 300*c + 911. What is p(-3)?
11
Let l(j) = -j**3 + 38*j**2 + 79*j - 2615. Determine l(38).
387
Let o(a) = -394*a - 114599. Calculate o(-291).
55
Let q(h) = -2*h**3 + 35*h**2 - 166*h + 180. What is q(10)?
20
Let n(w) = 6*w**2 - 1877*w + 19591. What is n(302)?
-39
Let w(a) = -a**2 + 1060*a - 9424. Give w(9).
35
Let u(s) = 12*s**2 + 114*s - 1517. What is u(-17)?
13
Let d(f) = -3861*f + 482564. What is d(125)?
-61
Let p(b) = -5*b**3 + 1058*b**2 + 447*b - 1074. Calculate p(212).
3802
Let u(t) = 35*t**2 + 17*t - 192. Give u(11).
4230
Let y(q) = 74241*q - 742873. What is y(10)?
-463
Let w(v) = -5*v**2 + 9949*v + 69894. Give w(-7).
6
Let a(v) = -39*v - 7008. What is a(-178)?
-66
Let s(b) = 7837*b + 7617570. Determine s(-972).
6
Let t(b) = -259*b - 2795. Give t(-10).
-205
Let z(j) = 65378*j + 65383. Give z(-1).
5
Let i(o) = 3*o**3 + 360*o**2 - 2453*o - 252897. Calculate i(-121).
-7
Let c(a) = 17922*a - 35905. Give c(2).
-61
Let d(l) = 6221*l + 198182. What is d(-32)?
-890
Let y(l) = 288*l*